ors of 19185.
3, 5, 1279
List the prime factors of 9014.
2, 4507
List the prime factors of 772.
2, 193
List the prime factors of 1445.
5, 17
List the prime factors of 240.
2, 3, 5
List the prime factors of 210.
2, 3, 5, 7
What are the prime factors of 5041?
71
List the prime factors of 1639.
11, 149
What are the prime factors of 35383?
41, 863
List the prime factors of 18435.
3, 5, 1229
What are the prime factors of 1459?
1459
List the prime factors of 989.
23, 43
List the prime factors of 662.
2, 331
List the prime factors of 29194.
2, 11, 1327
What are the prime factors of 9105?
3, 5, 607
What are the prime factors of 909?
3, 101
List the prime factors of 760.
2, 5, 19
What are the prime factors of 77364?
2, 3, 7, 307
What are the prime factors of 9947?
7, 29
List the prime factors of 15835.
5, 3167
What are the prime factors of 538?
2, 269
What are the prime factors of 59790?
2, 3, 5, 1993
What are the prime factors of 649?
11, 59
What are the prime factors of 9482?
2, 11, 431
List the prime factors of 1841.
7, 263
What are the prime factors of 15882?
2, 3, 2647
List the prime factors of 168434.
2, 7, 53, 227
List the prime factors of 14129.
71, 199
List the prime factors of 11864.
2, 1483
What are the prime factors of 842?
2, 421
List the prime factors of 7286.
2, 3643
What are the prime factors of 1413?
3, 157
What are the prime factors of 2822?
2, 17, 83
What are the prime factors of 2581?
29, 89
What are the prime factors of 6206?
2, 29, 107
List the prime factors of 125410.
2, 5, 12541
List the prime factors of 72.
2, 3
List the prime factors of 10919.
61, 179
List the prime factors of 37238.
2, 43, 433
What are the prime factors of 1827?
3, 7, 29
List the prime factors of 10060.
2, 5, 503
List the prime factors of 3148.
2, 787
List the prime factors of 16.
2
What are the prime factors of 4751?
4751
What are the prime factors of 2057?
11, 17
What are the prime factors of 1667?
1667
List the prime factors of 3174.
2, 3, 23
List the prime factors of 48345.
3, 5, 11, 293
List the prime factors of 12747.
3, 7, 607
What are the prime factors of 8471?
43, 197
What are the prime factors of 13620?
2, 3, 5, 227
What are the prime factors of 5473?
13, 421
List the prime factors of 199373.
199373
List the prime factors of 928.
2, 29
What are the prime factors of 26228?
2, 79, 83
List the prime factors of 522.
2, 3, 29
List the prime factors of 6232.
2, 19, 41
List the prime factors of 9389.
41, 229
What are the prime factors of 214?
2, 107
List the prime factors of 12611.
12611
List the prime factors of 75409.
73, 1033
What are the prime factors of 663?
3, 13, 17
What are the prime factors of 2075?
5, 83
What are the prime factors of 995?
5, 199
What are the prime factors of 15166?
2, 7583
List the prime factors of 1039.
1039
List the prime factors of 34620.
2, 3, 5, 577
What are the prime factors of 2581?
29, 89
What are the prime factors of 1028?
2, 257
List the prime factors of 70.
2, 5, 7
What are the prime factors of 8815?
5, 41, 43
List the prime factors of 93795.
3, 5, 13, 37
List the prime factors of 923.
13, 71
List the prime factors of 1358.
2, 7, 97
What are the prime factors of 7954?
2, 41, 97
List the prime factors of 1272.
2, 3, 53
List the prime factors of 2890.
2, 5, 17
List the prime factors of 347.
347
What are the prime factors of 6144?
2, 3
List the prime factors of 2809.
53
What are the prime factors of 1582?
2, 7, 113
What are the prime factors of 313?
313
What are the prime factors of 638?
2, 11, 29
List the prime factors of 16555.
5, 7, 11, 43
What are the prime factors of 829?
829
List the prime factors of 17543.
53, 331
What are the prime factors of 4207?
7, 601
List the prime factors of 1935.
3, 5, 43
List the prime factors of 367.
367
What are the prime factors of 12036?
2, 3, 17, 59
What are the prime factors of 6285?
3, 5, 419
List the prime factors of 2072.
2, 7, 37
List the prime factors of 161.
7, 23
List the prime factors of 492.
2, 3, 41
What are the prime factors of 6164?
2, 23, 67
What are the prime factors of 11009?
101, 109
What are the prime factors of 4972?
2, 11, 113
What are the prime factors of 393?
3, 131
What are the prime factors of 8586?
2, 3, 53
What are the prime factors of 5026?
2, 7, 359
What are the prime factors of 15851?
11, 131
What are the prime factors of 2210?
2, 5, 13, 17
What are the prime factors of 1209?
3, 13, 31
What are the prime factors of 7938?
2, 3, 7
List the prime factors of 1594.
2, 797
List the prime factors of 4491.
3, 499
What are the prime factors of 12830?
2, 5, 1283
List the prime factors of 10186.
2, 11, 463
What are the prime factors of 14673?
3, 67, 73
List the prime factors of 1342.
2, 11, 61
What are the prime factors of 21331?
83, 257
What are the prime factors of 3297?
3, 7, 157
List the prime factors of 5244.
2, 3, 19, 23
List the prime factors of 3616.
2, 113
List the prime factors of 3385.
5, 677
List the prime factors of 1079.
13, 83
What are the prime factors of 10157?
7, 1451
List the prime factors of 592.
2, 37
What are the prime factors of 66698?
2, 33349
List the prime factors of 3599.
59, 61
What are the prime factors of 108597?
3, 53, 683
List the prime factors of 896.
2, 7
List the prime factors of 521.
521
List the prime factors of 6970.
2, 5, 17, 41
What are the prime factors of 548?
2, 137
What are the prime factors of 27162?
2, 3, 503
List the prime factors of 723.
3, 241
What are the prime factors of 464?
2, 29
List the prime factors of 61869.
3, 41, 503
What are the prime factors of 48862?
2, 11, 2221
List the prime factors of 49556.
2, 13, 953
What are the prime factors of 8157?
3, 2719
List the prime factors of 39545.
5, 11, 719
What are the prime factors of 6651?
3, 739
List the prime factors of 3624.
2, 3, 151
List the prime factors of 17553.
3, 5851
What are the prime factors of 1223?
1223
What are the prime factors of 18683?
7, 17, 157
What are the prime factors of 4087?
61, 67
List the prime factors of 1011.
3, 337
List the prime factors of 14455.
5, 7, 59
List the prime factors of 2211.
3, 11, 67
List the prime factors of 141266.
2, 23, 37, 83
List the prime factors of 639.
3, 71
List the prime factors of 13446.
2, 3, 83
What are the prime factors of 10372?
2, 2593
What are the prime factors of 142?
2, 71
List the prime factors of 10264.
2, 1283
What are the prime factors of 7493?
59, 127
What are the prime factors of 22?
2, 11
List the prime factors of 25.
5
List the prime factors of 929.
929
What are the prime factors of 88?
2, 11
What are the prime factors of 1487?
1487
What are the prime factors of 45984?
2, 3, 479
What are the prime factors of 3182?
2, 37, 43
List the prime factors of 659.
659
List the prime factors of 11502.
2, 3, 71
List the prime factors of 11546.
2, 23, 251
List the prime factors of 27121.
37, 733
What are the prime factors of 110?
2, 5, 11
List the prime factors of 857.
857
List the prime factors of 7861.
7, 1123
List the prime factors of 410.
2, 5, 41
List the prime factors of 2088.
2, 3, 29
What are the prime factors of 1693?
1693
What are the prime factors of 971?
971
List the prime factors of 730.
2, 5, 73
What are the prime factors of 1094?
2, 547
What are the prime factors of 20339?
11, 43
List the prime factors of 8448.
2, 3, 11
List the prime factors of 10893.
3, 3631
List the prime factors of 1092.
2, 3, 7, 13
List the prime factors of 319.
11, 29
List the prime factors of 71560.
2, 5, 1789
List the prime factors of 23168.
2, 181
What are the prime factors of 18928?
2, 7, 13
What are the prime factors of 3396?
2, 3, 283
What are the prime factors of 41800?
2, 5, 11, 19
What are the prime factors of 3606?
2, 3, 601
List the prime factors of 3103.
29, 107
List the prime factors of 3458.
2, 7, 13, 19
List the prime factors of 25060.
2, 5, 7, 179
What are the prime factors of 7245?
3, 5, 7, 23
What are the prime factors of 11837?
7, 19, 89
What are the prime factors of 3670?
2, 5, 367
What are the prime factors of 36986?
2, 18493
What are the prime factors of 27319?
17, 1607
List the prime factors of 42781.
179, 239
What are the prime factors of 7007?
7, 11, 13
List the prime factors of 15114.
2, 3, 11, 229
List the prime factors of 599.
599
List the prime factors of 520.
2, 5, 13
What are the prime f